4*h - 25*h = 2*h + 103938. What are the prime factors of h?
2, 3, 1019
Suppose -6*b + 178 = 4. Let j(s) = 53*s + 4. List the prime factors of j(b).
23, 67
Let d(v) = 366*v**2 + 18*v + 15. What are the prime factors of d(3)?
3, 19, 59
Suppose -4*a = -29653 + 10857. List the prime factors of a.
37, 127
Let c = 18 + -14. Suppose -3*r + c = -5, -2*w + 17 = 3*r. What are the prime factors of 51*(52/12 - w)?
17
Suppose 482 = 2*h - h. Suppose 0 = -5*v + 4*t + 454, -2*t + h = 5*v + t. Suppose -99*g + v*g = -415. What are the prime factors of g?
83
Suppose 71*n - 162*n + 3065880 = 141*n. List the prime factors of n.
3, 5, 881
Suppose 0 = 5*d + 2*m - 119899, 39*d + 3*m + 47971 = 41*d. What are the prime factors of d?
23981
Suppose 87*p - 45955 = -14*p. Let r = -1 - -3. List the prime factors of -4 + p/5 + r.
89
Let l(w) = w**2 + 2*w**2 + 1 - w**2 - 10*w + 7. Let s be l(11). Suppose -4*d + 150 = 2*k, s = -4*d + 8*d + 4*k. What are the prime factors of d?
2, 5
Suppose 3*l + 19 = 5*z + 667, -3*z - 220 = -l. Let u = -98 + l. List the prime factors of u.
113
Let i be 91/(-39) - 47/3. What are the prime factors of 36/i + 3198/(2 - -1)?
2, 7, 19
Suppose -1 - 4 = -5*m, -n + 4*m - 17 = 0. Let r(y) = y**3 + 14*y**2 + 6*y + 1. List the prime factors of r(n).
2, 23
Let i = 2288 + -1086. List the prime factors of i.
2, 601
Suppose r - 6577 = -2*l, -3*l + 13045 = -5*r + 3186. What are the prime factors of l?
2, 3, 137
Suppose -3*t = -4*a + 12, 0 = 17*a - 16*a + 2*t + 8. Suppose -3*w - w + 400 = a. List the prime factors of w.
2, 5
Let z(j) = -j**3 - 4*j**2 + 6*j - 1. Let r = 20 - 25. Let f be z(r). What are the prime factors of 16/f - -4 - 22/(-6)?
5
Suppose -9*i = 2*i - 4*j - 142755, 0 = j + 2. List the prime factors of i.
19, 683
Let o = 24 + -23. Let h be 3/9*72/(3 + o). List the prime factors of (15/(-6))/(h/(-132)).
5, 11
Suppose -5*g = -27*g - 2*g + 47112. What are the prime factors of g?
13, 151
What are the prime factors of 10902*30/(-9)*(-12)/30?
2, 23, 79
Suppose 0 = 4*k - 16*k + 96. Suppose -3*h = -13*p + k*p - 3571, -2*h = -3*p - 2380. What are the prime factors of h?
1187
Suppose -3077*l + 3219*l = 2602434. List the prime factors of l.
3, 41, 149
Suppose -4*h + 54848 = -3*y, -10*y - 13711 = -h - 9*y. What are the prime factors of h?
5, 13, 211
Let u be (4 + 2/(-1))*(-34)/1. Let x = -47 - u. Let o = x - 9. List the prime factors of o.
2, 3
What are the prime factors of 1/(-13) + 184287656/11921?
3, 5153
Suppose -5071*b = -5075*b + 120188. What are the prime factors of b?
30047
Suppose -26*t - 4648 = -34*t. Suppose -h - t = -2*h + 2*f, 0 = 3*h - 5*f - 1747. What are the prime factors of h?
19, 31
Let x be (-31 + 1)*(0 - 188/(-6)). Let o = x - -1504. What are the prime factors of o?
2, 3, 47
Suppose 0 = -8*c + 34*c - 126048. List the prime factors of c.
2, 3, 101
Let l(s) = -41*s**3 - 2*s + 83*s**3 - 13*s**2 - 7*s**2 - 43*s**3 - 38. List the prime factors of l(-20).
2
Let r(g) = -152*g**3 + 2*g**2 + 3*g - 2. Let z be r(2). Let o = z + 1716. List the prime factors of o.
2
Let u(a) = a**2 + 2*a - 29. Let r be u(13). Let m = 831 - r. Suppose 6*x - 301 = m. List the prime factors of x.
7, 23
Suppose 15*c - 21*c = -3282. Suppose -a - c = -x - 36, 3*a - 519 = -x. Suppose 35 = 2*u + h - 307, -x = -3*u + 2*h. What are the prime factors of u?
3, 19
Let y = -60 - -104. Suppose 0 = 3*b - 4*t - 85, 44 = -5*t + 24. Let x = y + b. List the prime factors of x.
67
Let n = 24798 + -16886. List the prime factors of n.
2, 23, 43
Let f be 21 + 265 + 1/(1 - 0). Let v = f - 47. What are the prime factors of v?
2, 3, 5
Suppose 0 = -3*y + 3*w + 21472 + 13253, 4*w = -2*y + 23162. What are the prime factors of y?
3, 17, 227
Let i = 2 - -2. Let p = 277 + -155. What are the prime factors of 1/(i/p)*4?
2, 61
Suppose 5*l = 3*n - 1247, n - l + 5*l = 427. Let h = n + -219. List the prime factors of h.
2, 5
Let v(i) = 53*i - 304. Let d(c) = -35*c + 202. Let a(b) = -8*d(b) - 5*v(b). What are the prime factors of a(14)?
2, 3, 19
Suppose -8 - 52 = j. Let y = j + 56. List the prime factors of -2*y/(16/204).
2, 3, 17
Suppose 7*v + v - 825281 = -258073. What are the prime factors of v?
70901
Let b(u) = 3*u**3 - 2*u**2 + 5*u - 22. Let j(g) = -g**3 + 2*g**2 - 2*g - 1. Let q(r) = -b(r) - 2*j(r). List the prime factors of q(-11).
2, 281
Suppose 2*t - 4*u = -2*t - 168, 4*u = 2*t + 78. Let o(w) = -68*w + 551. Let q be o(7). Let i = q + t. List the prime factors of i.
2, 3, 5
Suppose 2*l - 15 = -q, -4*l + q = -q - 10. Let a = l - 3. Suppose 3*z + a = 80. List the prime factors of z.
2, 13
Suppose 5*k + 9 - 29 = 0. Suppose 50 = x - k*q, 5*x - 2*q - 284 + 16 = 0. What are the prime factors of x/((2 - 2) + 10/25)?
3, 5
Let v be 2*(-20)/(-6) - (-74)/(-111). Suppose 0 = 4*p + 4*t - 264, -v*p + 2*p = -5*t - 282. What are the prime factors of p?
2, 17
Let c = -1609 - -2736. Let y = c - 563. List the prime factors of y.
2, 3, 47
Let m(u) be the third derivative of 0 + 0*u - 2/3*u**3 - 5/8*u**4 + 5*u**2. List the prime factors of m(-5).
71
Suppose -6*l - 15 = -51. What are the prime factors of (-3087)/l*16/(-24)?
7
Suppose -3*x = -20*x + 1615. Suppose -d = -4*b - 803 - x, 4*b = -d + 930. What are the prime factors of d?
2, 457
Let x = -157 - -472. Suppose 59 = 5*d - 2*b - x, -3*d + 226 = -2*b. Let q = d - -6. List the prime factors of q.
2, 5
Let l(k) = k**2 - 4*k + 3. Let o be l(3). Let m(d) be the third derivative of -d**6/120 + d**4/12 + 113*d**3/3 + 593*d**2. What are the prime factors of m(o)?
2, 113
Let i = 485 - 480. List the prime factors of (-32224)/(-36) - i/45.
5, 179
Let y = 18 - 14. Suppose -a + y = 8. What are the prime factors of (a/(-4) - 4)*-19?
3, 19
Let x be (0 + -1)/((-10)/200). Let n(k) = k + 3. Let j be n(-8). What are the prime factors of j/x*-91*12?
3, 7, 13
Suppose -3*p - 12331 = -v + 6770, -5*p - 38197 = -2*v. What are the prime factors of v?
2, 3, 3181
Let v(o) = 6*o + 137. Let s be v(-22). Suppose 6*u - 3*u - 395 = -4*m, 5*u = s*m + 600. What are the prime factors of u?
5
Let a(f) = -276*f**2 + 14*f + 262*f**2 - 10 - 5*f**3 + 4*f**3. Let s be a(-15). List the prime factors of ((-220)/2)/(4 - s).
2, 5, 11
Let x be 1/(-4*(-5)/40). Let f(k) = 174*k**2 - k + 1. Let q be f(x). Suppose -3*p + 438 = 4*r, -5*p + r + 4*r + q = 0. List the prime factors of p.
2, 71
Suppose -88*d - 9*d - 7*d = -2595320. List the prime factors of d.
5, 7, 23, 31
Let v be (14 + -2)*(9 - 8). Suppose -35 + 131 = v*f. Suppose -4*h + 824 = 4*k, f*h - 5*k = 3*h + 1050. List the prime factors of h.
2, 13
Let w(a) = 40*a + 6. Let m(y) = 2*y**3 - 12*y**2 + 6. Let r be m(6). Suppose 0 = -r*z - z + 7. List the prime factors of w(z).
2, 23
Let w be 1 - (5 + (-27 + 3)*6). List the prime factors of w/(1 - 7/14).
2, 5, 7
Let v(l) = 2*l**3 + 19*l**2 + 2*l. Let t be v(-9). Let z = t + 297. What are the prime factors of z?
2, 3, 5
Let n(x) = -1. Let g(q) = 1. Let c(y) = 5*g(y) + 4*n(y). Let r(j) = j**3 - 22*j**2 - 5*j + 7. Let z(h) = -2*c(h) - r(h). What are the prime factors of z(22)?
101
Let y(o) = -24*o + 6. Let s be y(1). Let z = -3 - s. What are the prime factors of (z/12)/(-5)*-836?
11, 19
Let k(q) = 9*q + 8 - 10*q + 2. Let d be k(12). Let o(z) = 12*z**2 - 7*z - 3. List the prime factors of o(d).
59
Let n(p) be the second derivative of p**3/3 + 39*p**2/2 + 11*p. Let j be n(-17). Suppose -6*r = -j*v - 8*r + 703, -2*r - 2 = 0. What are the prime factors of v?
3, 47
Let y be 9/(27/8484) - 1 - -4. Suppose 5*a - 2519 = y. List the prime factors of a.
2, 5, 107
Let r(v) = -11 + 12 - 4*v + v**2 - 6. List the prime factors of r(-18).
17, 23
Let h(q) = -50*q + 79. Let w be 64/48 - (-56)/(-6). List the prime factors of h(w).
479
Let d(c) = 192 + 236 + 4*c - 261 + 4*c. List the prime factors of d(41).
3, 5, 11
Suppose 20*s = 18*s - d + 10, -5*d - 10 = -5*s. Suppose 2*l + x = 38, 3*l - 5 = 2*l - s*x. List the prime factors of l.
3, 7
Suppose -22079 = 20*u - 72719. Suppose -2531*v - 1427 = -u*v. What are the prime factors of v?
1427
Let t(g) = 474*g**2 - 84*g - 392. What are the prime factors of t(-4)?
2, 941
Let c be -2 + (-3)/(-3) - -4. Suppose 1 = 2*b - 3, 5*f - c*b - 579 = 0. List the prime factors of (6 + 0)*f/6.
3, 13
Let s(w) = 587*w**2 - 101*w - 1052. What are the prime factors of s(-9)?
2, 7, 1693
Let u(t) be the first der